{"id":488,"date":"2021-06-29T20:58:35","date_gmt":"2021-06-29T20:58:35","guid":{"rendered":"https:\/\/fondationalfredkern.ch\/?page_id=488"},"modified":"2022-02-28T18:27:30","modified_gmt":"2022-02-28T18:27:30","slug":"accueil","status":"publish","type":"page","link":"https:\/\/fondationalfredkern.ch\/","title":{"rendered":"Accueil"},"content":{"rendered":"\n<div class=\"wp-block-columns is-layout-flex wp-container-core-columns-is-layout-9d6595d7 wp-block-columns-is-layout-flex\">\n<div class=\"wp-block-column is-layout-flow wp-block-column-is-layout-flow\" style=\"flex-basis:66.66%\">\n<h2 class=\"wp-block-heading\">Notre mission <\/h2>\n\n\n\n<p>\nLa Fondation Alfred Kern soutient les enfants en situation de handicap.\n<\/p>\n\n\n\n<p>\nL&#8217;aide directe et personnelle accord\u00e9e par la Fondation aux enfants (jusqu&#8217;\u00e0 l&#8217;\u00e2ge de 18 ans) concerne aussi bien des th\u00e9rapies (physioth\u00e9rapie, ergoth\u00e9rapie, logop\u00e9die\u2026) mais aussi des moyens auxiliaires (chaises roulantes, moyens de r\u00e9\u00e9ducation ou am\u00e9liorant le confort de l\u2019enfant\u2026). Ces soutiens sont accord\u00e9s directement \u00e0 l\u2019enfant sur demande des parents, bien souvent avec l\u2019aide des th\u00e9rapeutes concern\u00e9s, pour autant qu\u2019il y ait une indication m\u00e9dicale \u00e0 ces traitements.\n<\/p>\n\n\n\n<div>\n<a href=\"https:\/\/fondationalfredkern.ch\/?page_id=11\">Exemples de soutien<\/a>\n<\/div>\n\n\n\n<h2 class=\"wp-block-heading\">Extrait des statuts<\/h2>\n\n\n\n<h4 class=\"wp-block-heading\">Article 3 &#8211; But<\/h4>\n\n\n\n<p>\nLa fondation a pour but de venir en aide aux enfants souffrant de handicaps moteur, cognitif ou sensoriel ind\u00e9pendamment de leur origine et dont les familles ne peuvent assurer les th\u00e9rapies et moyens auxiliaires notamment lorsqu&#8217;ils ne sont pas\/plus pris en charge par l&#8217;assurance-maladie et\/ou l&#8217;assurance invalidit\u00e9 et\/ou un organisme officiel de soutien au handicap.\n<\/p>\n\n\n\n<h4 class=\"wp-block-heading\">Article 4 &#8211; Moyens<\/h4>\n\n\n\n<p>\nPour atteindre son but, la fondation accorde notamment les moyens financiers n\u00e9cessaires \u00e0 l&#8217;obtention soit d&#8217;une aide m\u00e9dicale soit d&#8217;une aide \u00e9ducative avec, dans ce dernier cas, la possibilit\u00e9 d&#8217;octroyer des bourses destin\u00e9es \u00e0 une nouvelle formation devant permettre la meilleure r\u00e9insertion possible dans la vie courante.\n<\/p>\n\n\n\n<div>\n<a href=\"https:\/\/fondationalfredkern.ch\/?page_id=205\">Statuts complets<\/a>\n<\/div>\n<\/div>\n\n\n\n<div class=\"wp-block-column is-layout-flow wp-block-column-is-layout-flow\" style=\"flex-basis:33.33%\">\n<p class=\"title-space\"><h2> Nous soutenir <\/h2><\/p>\n<p>\nFondation Alfred Kern\n<\/p>\n<p>\nc\/o de Pury Pictet Turrettini &amp; Cie SA\n<\/p>\n<p>\nrue de la Corraterie 12\n<\/p>\n<p>\nCP 5335, 1211 Gen\u00e8ve 1, Suisse\n<\/p>\n<p>\ncontact@fondationalfredkern.ch\n<\/p>\n\n\nIBAN: CH03 0027 9279 D110 62480\n\nUn certificat de don vous sera envoy\u00e9 pour d\u00e9duction des imp\u00f4ts\n<\/div>\n<\/div>\n\n\n\n<p><\/p>\n","protected":false},"excerpt":{"rendered":"<p>Notre mission La Fondation Alfred Kern soutient les enfants en situation de handicap. L&#8217;aide directe et personnelle accord\u00e9e par la Fondation aux enfants (jusqu&#8217;\u00e0 l&#8217;\u00e2ge de 18 ans) concerne aussi bien des th\u00e9rapies (physioth\u00e9rapie, ergoth\u00e9rapie, logop\u00e9die\u2026) mais aussi des moyens [&hellip;]<\/p>\n","protected":false},"author":1,"featured_media":0,"parent":0,"menu_order":0,"comment_status":"closed","ping_status":"closed","template":"page-templates\/page_fullwidth.php","meta":{"footnotes":""},"class_list":["post-488","page","type-page","status-publish","hentry","clearfix"],"_links":{"self":[{"href":"https:\/\/fondationalfredkern.ch\/index.php?rest_route=\/wp\/v2\/pages\/488","targetHints":{"allow":["GET"]}}],"collection":[{"href":"https:\/\/fondationalfredkern.ch\/index.php?rest_route=\/wp\/v2\/pages"}],"about":[{"href":"https:\/\/fondationalfredkern.ch\/index.php?rest_route=\/wp\/v2\/types\/page"}],"author":[{"embeddable":true,"href":"https:\/\/fondationalfredkern.ch\/index.php?rest_route=\/wp\/v2\/users\/1"}],"replies":[{"embeddable":true,"href":"https:\/\/fondationalfredkern.ch\/index.php?rest_route=%2Fwp%2Fv2%2Fcomments&post=488"}],"version-history":[{"count":9,"href":"https:\/\/fondationalfredkern.ch\/index.php?rest_route=\/wp\/v2\/pages\/488\/revisions"}],"predecessor-version":[{"id":517,"href":"https:\/\/fondationalfredkern.ch\/index.php?rest_route=\/wp\/v2\/pages\/488\/revisions\/517"}],"wp:attachment":[{"href":"https:\/\/fondationalfredkern.ch\/index.php?rest_route=%2Fwp%2Fv2%2Fmedia&parent=488"}],"curies":[{"name":"wp","href":"https:\/\/api.w.org\/{rel}","templated":true}]}}